{"id":1946,"date":"2020-05-01T18:16:51","date_gmt":"2020-05-01T16:16:51","guid":{"rendered":"http:\/\/www.knechtrupprecht.de\/?page_id=1946"},"modified":"2020-05-01T18:16:51","modified_gmt":"2020-05-01T16:16:51","slug":"unser-team","status":"publish","type":"page","link":"https:\/\/www.knechtrupprecht.de\/?page_id=1946","title":{"rendered":"Unser Team"},"content":{"rendered":"<p>Wir sind eine kleine Familie, wir &#8222;Rupprechts&#8220; und unser Personal.<\/p>\n<p>Alle sind mit viel Liebe dabei, zusammen mit Ihnen das Richtige f\u00fcr Ihr Kind zu finden, sei es eine Kleinigkeit oder der gro\u00dfe Herzenswunsch.<\/p>\n<p>Wir haben immer ein offenes Ohr f\u00fcr unsere Kunden und sind auch dankbar f\u00fcr Anfragen, die unser Sortiment m\u00f6glicherweise erg\u00e4nzen.<\/p>\n","protected":false},"excerpt":{"rendered":"<p>Wir sind eine kleine Familie, wir &#8222;Rupprechts&#8220; und unser Personal. Alle sind mit viel Liebe dabei, zusammen mit Ihnen das Richtige f\u00fcr Ihr Kind zu finden, sei es eine Kleinigkeit oder der gro\u00dfe Herzenswunsch. Wir haben immer ein offenes Ohr f\u00fcr unsere Kunden und sind auch dankbar f\u00fcr Anfragen, die unser Sortiment m\u00f6glicherweise erg\u00e4nzen.<\/p>\n","protected":false},"author":1,"featured_media":0,"parent":0,"menu_order":0,"comment_status":"closed","ping_status":"closed","template":"","meta":[],"_links":{"self":[{"href":"https:\/\/www.knechtrupprecht.de\/index.php?rest_route=\/wp\/v2\/pages\/1946"}],"collection":[{"href":"https:\/\/www.knechtrupprecht.de\/index.php?rest_route=\/wp\/v2\/pages"}],"about":[{"href":"https:\/\/www.knechtrupprecht.de\/index.php?rest_route=\/wp\/v2\/types\/page"}],"author":[{"embeddable":true,"href":"https:\/\/www.knechtrupprecht.de\/index.php?rest_route=\/wp\/v2\/users\/1"}],"replies":[{"embeddable":true,"href":"https:\/\/www.knechtrupprecht.de\/index.php?rest_route=%2Fwp%2Fv2%2Fcomments&post=1946"}],"version-history":[{"count":0,"href":"https:\/\/www.knechtrupprecht.de\/index.php?rest_route=\/wp\/v2\/pages\/1946\/revisions"}],"wp:attachment":[{"href":"https:\/\/www.knechtrupprecht.de\/index.php?rest_route=%2Fwp%2Fv2%2Fmedia&parent=1946"}],"curies":[{"name":"wp","href":"https:\/\/api.w.org\/{rel}","templated":true}]}}