{"id":2001,"date":"2020-06-23T19:35:28","date_gmt":"2020-06-23T17:35:28","guid":{"rendered":"http:\/\/www.knechtrupprecht.de\/?page_id=2001"},"modified":"2020-06-29T20:41:13","modified_gmt":"2020-06-29T18:41:13","slug":"modellbau-und-modellbahn","status":"publish","type":"page","link":"https:\/\/www.knechtrupprecht.de\/?page_id=2001","title":{"rendered":"&#8211; Modellbau und Modellbahn"},"content":{"rendered":"<p>Im Bereich Modellbau f\u00fchren wir die Marken Revell und Tamiya. \u00dcber unseren Gro\u00dfhandelspartner Glow2Be k\u00f6nnen wir zus\u00e4tzlich auf Produkte von \u00fcber 80 weiteren Modellbau-Herstellern zugreifen.<\/p>\n<p>Als Mitglied der weltweit aktiven M\u00e4rklin-H\u00e4ndler-Initiative (kurz MHI) f\u00fchren wir die Modellbahnen der Marken M\u00e4rklin, Mintrix und Trix sowie LGB. Produkte anderer Hersteller k\u00f6nnen wir f\u00fcr unsere Kunden h\u00e4ufig \u00fcber unsere MHI-Kolleginnen und -Kollegen besorgen.<\/p>\n<p>Zur Ausgestaltung der Modellbahnanlage finden Sie bei uns die Produkte der Marken Auhagen, Busch-Modellbau, Herpa, Kahlert-Licht, NOCH, Schuco und Wiking. Und auch hier k\u00f6nnen wir \u00fcber MHI-Kolleginnen und -Kollegen Produkte weiterer Hersteller f\u00fcr Sie beschaffen.<\/p>\n","protected":false},"excerpt":{"rendered":"<p>Im Bereich Modellbau f\u00fchren wir die Marken Revell und Tamiya. \u00dcber unseren Gro\u00dfhandelspartner Glow2Be k\u00f6nnen wir zus\u00e4tzlich auf Produkte von \u00fcber 80 weiteren Modellbau-Herstellern zugreifen. Als Mitglied der weltweit aktiven M\u00e4rklin-H\u00e4ndler-Initiative (kurz MHI) f\u00fchren wir die Modellbahnen der Marken M\u00e4rklin, Mintrix und Trix sowie LGB. Produkte anderer Hersteller k\u00f6nnen wir f\u00fcr unsere Kunden h\u00e4ufig \u00fcber [&hellip;]<\/p>\n","protected":false},"author":1,"featured_media":2002,"parent":0,"menu_order":0,"comment_status":"closed","ping_status":"closed","template":"","meta":[],"_links":{"self":[{"href":"https:\/\/www.knechtrupprecht.de\/index.php?rest_route=\/wp\/v2\/pages\/2001"}],"collection":[{"href":"https:\/\/www.knechtrupprecht.de\/index.php?rest_route=\/wp\/v2\/pages"}],"about":[{"href":"https:\/\/www.knechtrupprecht.de\/index.php?rest_route=\/wp\/v2\/types\/page"}],"author":[{"embeddable":true,"href":"https:\/\/www.knechtrupprecht.de\/index.php?rest_route=\/wp\/v2\/users\/1"}],"replies":[{"embeddable":true,"href":"https:\/\/www.knechtrupprecht.de\/index.php?rest_route=%2Fwp%2Fv2%2Fcomments&post=2001"}],"version-history":[{"count":0,"href":"https:\/\/www.knechtrupprecht.de\/index.php?rest_route=\/wp\/v2\/pages\/2001\/revisions"}],"wp:featuredmedia":[{"embeddable":true,"href":"https:\/\/www.knechtrupprecht.de\/index.php?rest_route=\/wp\/v2\/media\/2002"}],"wp:attachment":[{"href":"https:\/\/www.knechtrupprecht.de\/index.php?rest_route=%2Fwp%2Fv2%2Fmedia&parent=2001"}],"curies":[{"name":"wp","href":"https:\/\/api.w.org\/{rel}","templated":true}]}}