{"id":2026,"date":"2020-06-27T20:22:18","date_gmt":"2020-06-27T18:22:18","guid":{"rendered":"http:\/\/www.knechtrupprecht.de\/?page_id=2026"},"modified":"2020-06-29T20:41:58","modified_gmt":"2020-06-29T18:41:58","slug":"sport-und-bewegungsspielzeug","status":"publish","type":"page","link":"https:\/\/www.knechtrupprecht.de\/?page_id=2026","title":{"rendered":"&#8211; Sport und Bewegungsspielzeug"},"content":{"rendered":"<p>Um die k\u00f6rperliche Aktivit\u00e4t zur Erg\u00e4nzung des geistigen Tuns anzuregen, erhalten Sie bei uns Ballspiele (vom Fu\u00dfball \u00fcber Volleyball bis zu Federball- und Tischtennis-Set), Bumerangs und Frisbees, H\u00fcpfseile und Badespielzeug und nat\u00fcrlich jede Menge Sandspielzeug.<\/p>\n","protected":false},"excerpt":{"rendered":"<p>Um die k\u00f6rperliche Aktivit\u00e4t zur Erg\u00e4nzung des geistigen Tuns anzuregen, erhalten Sie bei uns Ballspiele (vom Fu\u00dfball \u00fcber Volleyball bis zu Federball- und Tischtennis-Set), Bumerangs und Frisbees, H\u00fcpfseile und Badespielzeug und nat\u00fcrlich jede Menge Sandspielzeug.<\/p>\n","protected":false},"author":1,"featured_media":2027,"parent":0,"menu_order":0,"comment_status":"closed","ping_status":"closed","template":"","meta":[],"_links":{"self":[{"href":"https:\/\/www.knechtrupprecht.de\/index.php?rest_route=\/wp\/v2\/pages\/2026"}],"collection":[{"href":"https:\/\/www.knechtrupprecht.de\/index.php?rest_route=\/wp\/v2\/pages"}],"about":[{"href":"https:\/\/www.knechtrupprecht.de\/index.php?rest_route=\/wp\/v2\/types\/page"}],"author":[{"embeddable":true,"href":"https:\/\/www.knechtrupprecht.de\/index.php?rest_route=\/wp\/v2\/users\/1"}],"replies":[{"embeddable":true,"href":"https:\/\/www.knechtrupprecht.de\/index.php?rest_route=%2Fwp%2Fv2%2Fcomments&post=2026"}],"version-history":[{"count":0,"href":"https:\/\/www.knechtrupprecht.de\/index.php?rest_route=\/wp\/v2\/pages\/2026\/revisions"}],"wp:featuredmedia":[{"embeddable":true,"href":"https:\/\/www.knechtrupprecht.de\/index.php?rest_route=\/wp\/v2\/media\/2027"}],"wp:attachment":[{"href":"https:\/\/www.knechtrupprecht.de\/index.php?rest_route=%2Fwp%2Fv2%2Fmedia&parent=2026"}],"curies":[{"name":"wp","href":"https:\/\/api.w.org\/{rel}","templated":true}]}}